{"id":27172,"date":"2022-06-20T13:36:04","date_gmt":"2022-06-20T11:36:04","guid":{"rendered":"https:\/\/mahifi.se\/?page_id=27172"},"modified":"2025-05-16T08:07:41","modified_gmt":"2025-05-16T06:07:41","slug":"andra-varldskriget-och-kalla-kriget","status":"publish","type":"page","link":"https:\/\/mahifi.se\/?page_id=27172","title":{"rendered":"Andra v\u00e4rldskriget och kalla kriget"},"content":{"rendered":"\t\t<div data-elementor-type=\"wp-page\" data-elementor-id=\"27172\" class=\"elementor elementor-27172\">\n\t\t\t\t\t\t<section class=\"elementor-section elementor-top-section elementor-element elementor-element-809041f elementor-section-boxed elementor-section-height-default elementor-section-height-default\" data-id=\"809041f\" data-element_type=\"section\" data-e-type=\"section\" data-settings=\"{&quot;background_background&quot;:&quot;classic&quot;}\">\n\t\t\t\t\t\t<div class=\"elementor-container elementor-column-gap-default\">\n\t\t\t\t\t<div class=\"elementor-column elementor-col-100 elementor-top-column elementor-element elementor-element-f52e888\" data-id=\"f52e888\" data-element_type=\"column\" data-e-type=\"column\">\n\t\t\t<div class=\"elementor-widget-wrap elementor-element-populated\">\n\t\t\t\t\t\t<div class=\"elementor-element elementor-element-397ac18 elementor-widget elementor-widget-heading\" data-id=\"397ac18\" data-element_type=\"widget\" data-e-type=\"widget\" data-widget_type=\"heading.default\">\n\t\t\t\t<div class=\"elementor-widget-container\">\n\t\t\t\t\t<h2 class=\"elementor-heading-title elementor-size-default\"><a href=\"https:\/\/mahifi.se\/?page_id=25786\">Genomg\u00e5ngar: Andra v\u00e4rldskriget och Kalla kriget<\/a><\/h2>\t\t\t\t<\/div>\n\t\t\t\t<\/div>\n\t\t\t\t\t<\/div>\n\t\t<\/div>\n\t\t\t\t\t<\/div>\n\t\t<\/section>\n\t\t\t\t<section class=\"elementor-section elementor-top-section elementor-element elementor-element-fb23831 elementor-section-boxed elementor-section-height-default elementor-section-height-default\" data-id=\"fb23831\" data-element_type=\"section\" data-e-type=\"section\">\n\t\t\t\t\t\t<div class=\"elementor-container elementor-column-gap-default\">\n\t\t\t\t\t<div class=\"elementor-column elementor-col-50 elementor-top-column elementor-element elementor-element-e8513fc\" data-id=\"e8513fc\" data-element_type=\"column\" data-e-type=\"column\">\n\t\t\t<div class=\"elementor-widget-wrap elementor-element-populated\">\n\t\t\t\t\t\t<div class=\"elementor-element elementor-element-947041e elementor-align-center elementor-widget elementor-widget-button\" data-id=\"947041e\" data-element_type=\"widget\" data-e-type=\"widget\" data-widget_type=\"button.default\">\n\t\t\t\t<div class=\"elementor-widget-container\">\n\t\t\t\t\t\t\t\t\t<div class=\"elementor-button-wrapper\">\n\t\t\t\t\t<a class=\"elementor-button elementor-button-link elementor-size-sm\" href=\"https:\/\/mahifi.se\/wp-content\/uploads\/2025\/03\/Aren-innan-andra-varldskriget-och-krigsutbrottet-1.pptx\" target=\"_blank\">\n\t\t\t\t\t\t<span class=\"elementor-button-content-wrapper\">\n\t\t\t\t\t\t\t\t\t<span class=\"elementor-button-text\">\u00c5ren innan Andra v\u00e4rldskriget och krigsutbrottet <\/span>\n\t\t\t\t\t<\/span>\n\t\t\t\t\t<\/a>\n\t\t\t\t<\/div>\n\t\t\t\t\t\t\t\t<\/div>\n\t\t\t\t<\/div>\n\t\t\t\t<div class=\"elementor-element elementor-element-9cdddec elementor-align-center elementor-widget elementor-widget-button\" data-id=\"9cdddec\" data-element_type=\"widget\" data-e-type=\"widget\" data-widget_type=\"button.default\">\n\t\t\t\t<div class=\"elementor-widget-container\">\n\t\t\t\t\t\t\t\t\t<div class=\"elementor-button-wrapper\">\n\t\t\t\t\t<a class=\"elementor-button elementor-button-link elementor-size-sm\" href=\"https:\/\/mahifi.se\/wp-content\/uploads\/2025\/03\/Andra-varldskrigets-slut-och-Sveriges-roll.pptx\" target=\"_blank\">\n\t\t\t\t\t\t<span class=\"elementor-button-content-wrapper\">\n\t\t\t\t\t\t\t\t\t<span class=\"elementor-button-text\">Andra v\u00e4rldskrigets slutskede och Sveriges roll <\/span>\n\t\t\t\t\t<\/span>\n\t\t\t\t\t<\/a>\n\t\t\t\t<\/div>\n\t\t\t\t\t\t\t\t<\/div>\n\t\t\t\t<\/div>\n\t\t\t\t<div class=\"elementor-element elementor-element-ec73d7f elementor-align-center elementor-widget elementor-widget-button\" data-id=\"ec73d7f\" data-element_type=\"widget\" data-e-type=\"widget\" data-widget_type=\"button.default\">\n\t\t\t\t<div class=\"elementor-widget-container\">\n\t\t\t\t\t\t\t\t\t<div class=\"elementor-button-wrapper\">\n\t\t\t\t\t<a class=\"elementor-button elementor-button-link elementor-size-sm\" href=\"https:\/\/mahifi.se\/wp-content\/uploads\/2025\/03\/Forintelsen-1.pptx\" target=\"_blank\">\n\t\t\t\t\t\t<span class=\"elementor-button-content-wrapper\">\n\t\t\t\t\t\t\t\t\t<span class=\"elementor-button-text\">F\u00f6rintelsen 1<\/span>\n\t\t\t\t\t<\/span>\n\t\t\t\t\t<\/a>\n\t\t\t\t<\/div>\n\t\t\t\t\t\t\t\t<\/div>\n\t\t\t\t<\/div>\n\t\t\t\t<div class=\"elementor-element elementor-element-23c5a25 elementor-align-center elementor-widget elementor-widget-button\" data-id=\"23c5a25\" data-element_type=\"widget\" data-e-type=\"widget\" data-widget_type=\"button.default\">\n\t\t\t\t<div class=\"elementor-widget-container\">\n\t\t\t\t\t\t\t\t\t<div class=\"elementor-button-wrapper\">\n\t\t\t\t\t<a class=\"elementor-button elementor-button-link elementor-size-sm\" href=\"https:\/\/mahifi.se\/wp-content\/uploads\/2024\/04\/Fortsattning-Forintelsen-och-nagra-nedslag.pptx\" target=\"_blank\">\n\t\t\t\t\t\t<span class=\"elementor-button-content-wrapper\">\n\t\t\t\t\t\t\t\t\t<span class=\"elementor-button-text\">F\u00f6rintelsen 2<\/span>\n\t\t\t\t\t<\/span>\n\t\t\t\t\t<\/a>\n\t\t\t\t<\/div>\n\t\t\t\t\t\t\t\t<\/div>\n\t\t\t\t<\/div>\n\t\t\t\t<div class=\"elementor-element elementor-element-63b4d01 elementor-align-center elementor-widget elementor-widget-button\" data-id=\"63b4d01\" data-element_type=\"widget\" data-e-type=\"widget\" data-widget_type=\"button.default\">\n\t\t\t\t<div class=\"elementor-widget-container\">\n\t\t\t\t\t\t\t\t\t<div class=\"elementor-button-wrapper\">\n\t\t\t\t\t<a class=\"elementor-button elementor-button-link elementor-size-sm\" href=\"https:\/\/mahifi.se\/wp-content\/uploads\/2022\/06\/Konsekvenser-av-andra-varldskriget-och-inledning-pa-kalla-kriget.pptx\" target=\"_blank\">\n\t\t\t\t\t\t<span class=\"elementor-button-content-wrapper\">\n\t\t\t\t\t\t\t\t\t<span class=\"elementor-button-text\">Konekvenser av Andra v\u00e4rldskriget och inledande faserna av Kalla kriget <\/span>\n\t\t\t\t\t<\/span>\n\t\t\t\t\t<\/a>\n\t\t\t\t<\/div>\n\t\t\t\t\t\t\t\t<\/div>\n\t\t\t\t<\/div>\n\t\t\t\t<div class=\"elementor-element elementor-element-1878917 elementor-align-center elementor-widget elementor-widget-button\" data-id=\"1878917\" data-element_type=\"widget\" data-e-type=\"widget\" data-widget_type=\"button.default\">\n\t\t\t\t<div class=\"elementor-widget-container\">\n\t\t\t\t\t\t\t\t\t<div class=\"elementor-button-wrapper\">\n\t\t\t\t\t<a class=\"elementor-button elementor-button-link elementor-size-sm\" href=\"https:\/\/mahifi.se\/wp-content\/uploads\/2024\/04\/Konflikter-under-Kalla-kriget.pptx\" target=\"_blank\">\n\t\t\t\t\t\t<span class=\"elementor-button-content-wrapper\">\n\t\t\t\t\t\t\t\t\t<span class=\"elementor-button-text\">Konflikter under Kalla kriget<\/span>\n\t\t\t\t\t<\/span>\n\t\t\t\t\t<\/a>\n\t\t\t\t<\/div>\n\t\t\t\t\t\t\t\t<\/div>\n\t\t\t\t<\/div>\n\t\t\t\t<div class=\"elementor-element elementor-element-9200658 elementor-align-center elementor-widget elementor-widget-button\" data-id=\"9200658\" data-element_type=\"widget\" data-e-type=\"widget\" data-widget_type=\"button.default\">\n\t\t\t\t<div class=\"elementor-widget-container\">\n\t\t\t\t\t\t\t\t\t<div class=\"elementor-button-wrapper\">\n\t\t\t\t\t<a class=\"elementor-button elementor-button-link elementor-size-sm\" href=\"https:\/\/mahifi.se\/wp-content\/uploads\/2025\/05\/Karnvapenhotet-Kalla-kriget.pptx\" target=\"_blank\">\n\t\t\t\t\t\t<span class=\"elementor-button-content-wrapper\">\n\t\t\t\t\t\t\t\t\t<span class=\"elementor-button-text\">K\u00e4rnvapenhotet - Kalla kriget<\/span>\n\t\t\t\t\t<\/span>\n\t\t\t\t\t<\/a>\n\t\t\t\t<\/div>\n\t\t\t\t\t\t\t\t<\/div>\n\t\t\t\t<\/div>\n\t\t\t\t<div class=\"elementor-element elementor-element-7861223 elementor-align-center elementor-widget elementor-widget-button\" data-id=\"7861223\" data-element_type=\"widget\" data-e-type=\"widget\" data-widget_type=\"button.default\">\n\t\t\t\t<div class=\"elementor-widget-container\">\n\t\t\t\t\t\t\t\t\t<div class=\"elementor-button-wrapper\">\n\t\t\t\t\t<a class=\"elementor-button elementor-button-link elementor-size-sm\" href=\"https:\/\/mahifi.se\/wp-content\/uploads\/2024\/05\/Sovjetunionen-och-Osteuropa.pptx\" target=\"_blank\">\n\t\t\t\t\t\t<span class=\"elementor-button-content-wrapper\">\n\t\t\t\t\t\t\t\t\t<span class=\"elementor-button-text\">Sovjetunionen och \u00d6steuropa <\/span>\n\t\t\t\t\t<\/span>\n\t\t\t\t\t<\/a>\n\t\t\t\t<\/div>\n\t\t\t\t\t\t\t\t<\/div>\n\t\t\t\t<\/div>\n\t\t\t\t\t<\/div>\n\t\t<\/div>\n\t\t\t\t<div class=\"elementor-column elementor-col-50 elementor-top-column elementor-element elementor-element-ee7905f\" data-id=\"ee7905f\" data-element_type=\"column\" data-e-type=\"column\">\n\t\t\t<div class=\"elementor-widget-wrap elementor-element-populated\">\n\t\t\t\t\t\t<div class=\"elementor-element elementor-element-fb36aec elementor-widget elementor-widget-text-editor\" data-id=\"fb36aec\" data-element_type=\"widget\" data-e-type=\"widget\" data-widget_type=\"text-editor.default\">\n\t\t\t\t<div class=\"elementor-widget-container\">\n\t\t\t\t\t\t\t\t\t<p><b>Ett konstigt rekord under Kalla kriget<\/b><\/p>\n<p>Det \u00e4r allm\u00e4nt k\u00e4nt att USA och Sovjetunionen t\u00e4vlade om det mesta under Kalla kriget. Det g\u00e4llde krig, sport och vetenskapliga uppt\u00e4ckter. Ett lite annorlunda rekord som Sovjetunionen lyckades sl\u00e5 var att borra det djupaste h\u00e5let. Projektet som hette SG-3 hade som vetenskapligt syfte i att unders\u00f6ka jorden struktur och eventuellt kunna utnyttja det f\u00f6r ens egna vinning. Man inledde att borra h\u00e5let 1970 och avslutade det i slutet av Sovjets tid 1989. D\u00e5 hade man lyckats borra s\u00e5 l\u00e5ngt som 12264 meter. Om man j\u00e4mf\u00f6r med den djupaste naturliga platsen p\u00e5 jorden n\u00e4mligen Marianergraven som \u00e4r drygt 11000 meter s\u00e5 var det faktiskt det djupaste h\u00e5let p\u00e5 jorden. Man avslutade borrandet framf\u00f6rallt f\u00f6r att den faktiska temperaturen (180 grader) s\u00e5 l\u00e5ngt ner i jorden var h\u00f6gre \u00e4n vad man f\u00f6rv\u00e4ntat sig (100 grader) vilket f\u00f6rsv\u00e5rade processen. Idag \u00e4r inte SG-3 det djupaste h\u00e5let l\u00e4ngre d<span style=\"font-style: inherit; font-weight: inherit; background-color: var(--ast-global-color-4); color: var(--ast-global-color-3);\">\u00e5 oljestaten Qatar lyckats borra ett djupare h\u00e5l i syfte att finna olja.&nbsp;<\/span><\/p>\t\t\t\t\t\t\t\t<\/div>\n\t\t\t\t<\/div>\n\t\t\t\t<div class=\"elementor-element elementor-element-b350223 elementor-widget elementor-widget-image\" data-id=\"b350223\" data-element_type=\"widget\" data-e-type=\"widget\" data-widget_type=\"image.default\">\n\t\t\t\t<div class=\"elementor-widget-container\">\n\t\t\t\t\t\t\t\t\t\t\t\t\t\t\t<img fetchpriority=\"high\" decoding=\"async\" width=\"758\" height=\"648\" src=\"https:\/\/mahifi.se\/wp-content\/uploads\/2022\/06\/\u041a\u043e\u043b\u044c\u0441\u043a\u0430\u044f_\u0441\u0432\u0435\u0440\u0445\u0433\u043b\u0443\u0431\u043e\u043a\u0430\u044f_\u0441\u043a\u0432\u0430\u0436\u0438\u043d\u0430_crop.jpg\" class=\"attachment-large size-large wp-image-27221\" alt=\"\" srcset=\"https:\/\/mahifi.se\/wp-content\/uploads\/2022\/06\/\u041a\u043e\u043b\u044c\u0441\u043a\u0430\u044f_\u0441\u0432\u0435\u0440\u0445\u0433\u043b\u0443\u0431\u043e\u043a\u0430\u044f_\u0441\u043a\u0432\u0430\u0436\u0438\u043d\u0430_crop.jpg 758w, https:\/\/mahifi.se\/wp-content\/uploads\/2022\/06\/\u041a\u043e\u043b\u044c\u0441\u043a\u0430\u044f_\u0441\u0432\u0435\u0440\u0445\u0433\u043b\u0443\u0431\u043e\u043a\u0430\u044f_\u0441\u043a\u0432\u0430\u0436\u0438\u043d\u0430_crop-300x256.jpg 300w\" sizes=\"(max-width: 758px) 100vw, 758px\" \/>\t\t\t\t\t\t\t\t\t\t\t\t\t\t\t<\/div>\n\t\t\t\t<\/div>\n\t\t\t\t\t<\/div>\n\t\t<\/div>\n\t\t\t\t\t<\/div>\n\t\t<\/section>\n\t\t\t\t<\/div>\n\t\t","protected":false},"excerpt":{"rendered":"<p>Genomg\u00e5ngar: Andra v\u00e4rldskriget och Kalla kriget \u00c5ren innan Andra v\u00e4rldskriget och krigsutbrottet Andra v\u00e4rldskrigets slutskede och Sveriges roll F\u00f6rintelsen 1 F\u00f6rintelsen 2 Konekvenser av Andra v\u00e4rldskriget och inledande faserna av Kalla kriget Konflikter under Kalla kriget K\u00e4rnvapenhotet &#8211; Kalla kriget Sovjetunionen och \u00d6steuropa Ett konstigt rekord under Kalla kriget Det \u00e4r allm\u00e4nt k\u00e4nt att USA [&hellip;]<\/p>\n","protected":false},"author":1,"featured_media":0,"parent":0,"menu_order":0,"comment_status":"closed","ping_status":"closed","template":"","meta":{"om_disable_all_campaigns":false,"_uag_custom_page_level_css":"","_monsterinsights_skip_tracking":false,"_monsterinsights_sitenote_active":false,"_monsterinsights_sitenote_note":"","_monsterinsights_sitenote_category":0,"site-sidebar-layout":"no-sidebar","site-content-layout":"page-builder","ast-site-content-layout":"default","site-content-style":"default","site-sidebar-style":"default","ast-global-header-display":"","ast-banner-title-visibility":"","ast-main-header-display":"","ast-hfb-above-header-display":"","ast-hfb-below-header-display":"","ast-hfb-mobile-header-display":"","site-post-title":"disabled","ast-breadcrumbs-content":"","ast-featured-img":"disabled","footer-sml-layout":"","ast-disable-related-posts":"","theme-transparent-header-meta":"","adv-header-id-meta":"","stick-header-meta":"","header-above-stick-meta":"","header-main-stick-meta":"","header-below-stick-meta":"","astra-migrate-meta-layouts":"default","ast-page-background-enabled":"default","ast-page-background-meta":{"desktop":{"background-color":"","background-image":"","background-repeat":"repeat","background-position":"center center","background-size":"auto","background-attachment":"scroll","background-type":"","background-media":"","overlay-type":"","overlay-color":"","overlay-opacity":"","overlay-gradient":""},"tablet":{"background-color":"","background-image":"","background-repeat":"repeat","background-position":"center center","background-size":"auto","background-attachment":"scroll","background-type":"","background-media":"","overlay-type":"","overlay-color":"","overlay-opacity":"","overlay-gradient":""},"mobile":{"background-color":"","background-image":"","background-repeat":"repeat","background-position":"center center","background-size":"auto","background-attachment":"scroll","background-type":"","background-media":"","overlay-type":"","overlay-color":"","overlay-opacity":"","overlay-gradient":""}},"ast-content-background-meta":{"desktop":{"background-color":"var(--ast-global-color-5)","background-image":"","background-repeat":"repeat","background-position":"center center","background-size":"auto","background-attachment":"scroll","background-type":"","background-media":"","overlay-type":"","overlay-color":"","overlay-opacity":"","overlay-gradient":""},"tablet":{"background-color":"var(--ast-global-color-5)","background-image":"","background-repeat":"repeat","background-position":"center center","background-size":"auto","background-attachment":"scroll","background-type":"","background-media":"","overlay-type":"","overlay-color":"","overlay-opacity":"","overlay-gradient":""},"mobile":{"background-color":"var(--ast-global-color-5)","background-image":"","background-repeat":"repeat","background-position":"center center","background-size":"auto","background-attachment":"scroll","background-type":"","background-media":"","overlay-type":"","overlay-color":"","overlay-opacity":"","overlay-gradient":""}},"footnotes":""},"class_list":["post-27172","page","type-page","status-publish","hentry"],"aioseo_notices":[],"uagb_featured_image_src":{"full":false,"thumbnail":false,"medium":false,"medium_large":false,"large":false,"1536x1536":false,"2048x2048":false},"uagb_author_info":{"display_name":"joji9555@hotmail.com","author_link":"https:\/\/mahifi.se\/?author=1"},"uagb_comment_info":0,"uagb_excerpt":"Genomg\u00e5ngar: Andra v\u00e4rldskriget och Kalla kriget \u00c5ren innan Andra v\u00e4rldskriget och krigsutbrottet Andra v\u00e4rldskrigets slutskede och Sveriges roll F\u00f6rintelsen 1 F\u00f6rintelsen 2 Konekvenser av Andra v\u00e4rldskriget och inledande faserna av Kalla kriget Konflikter under Kalla kriget K\u00e4rnvapenhotet &#8211; Kalla kriget Sovjetunionen och \u00d6steuropa Ett konstigt rekord under Kalla kriget Det \u00e4r allm\u00e4nt k\u00e4nt att USA&hellip;","_links":{"self":[{"href":"https:\/\/mahifi.se\/index.php?rest_route=\/wp\/v2\/pages\/27172","targetHints":{"allow":["GET"]}}],"collection":[{"href":"https:\/\/mahifi.se\/index.php?rest_route=\/wp\/v2\/pages"}],"about":[{"href":"https:\/\/mahifi.se\/index.php?rest_route=\/wp\/v2\/types\/page"}],"author":[{"embeddable":true,"href":"https:\/\/mahifi.se\/index.php?rest_route=\/wp\/v2\/users\/1"}],"replies":[{"embeddable":true,"href":"https:\/\/mahifi.se\/index.php?rest_route=%2Fwp%2Fv2%2Fcomments&post=27172"}],"version-history":[{"count":52,"href":"https:\/\/mahifi.se\/index.php?rest_route=\/wp\/v2\/pages\/27172\/revisions"}],"predecessor-version":[{"id":34550,"href":"https:\/\/mahifi.se\/index.php?rest_route=\/wp\/v2\/pages\/27172\/revisions\/34550"}],"wp:attachment":[{"href":"https:\/\/mahifi.se\/index.php?rest_route=%2Fwp%2Fv2%2Fmedia&parent=27172"}],"curies":[{"name":"wp","href":"https:\/\/api.w.org\/{rel}","templated":true}]}}